(u) be the third derivative of u**4/4 + 2*u**3/3 - 94*u**2. Give d(-3).
-14
Let v(a) = -7*a**3 + 5*a**2 - 7*a + 9. Let d(m) = -4*m**3 + 2*m**2 - 3*m + 4. Let k(t) = -7*d(t) + 3*v(t). What is k(-1)?
-7
Let x(b) = -b**2 + b - 1. Suppose 0 = 12*r - 18*r - 6. Let p(c) = -7*c**2 + 2*c - 6. Let a(i) = r*p(i) + 4*x(i). Give a(-3).
23
Let s(l) be the first derivative of -11*l**4/24 - l**3/6 - l**2/2 - 29*l - 45. Let z(i) be the second derivative of s(i). Suppose 0 = -5*k - 2 - 3. Give z(k).
10
Let b(r) = r**3 + r**2 - r. Let v(n) = n**2 - 12*n + 14. Let h be v(10). Let a(j) = 5*j**3 + 11*j**2 - 5*j - 7. Let u(d) = h*b(d) + a(d). What is u(5)?
-2
Let m(v) be the third derivative of v**4/4 + v**3/2 - 19*v**2. What is m(-5)?
-27
Let c(w) = -4*w + 13*w**2 - 14*w**2 - 7 + 3. Let t be 3/(-3) + 2 + -3. Let f be (15/(-9))/(t/(-6)). Give c(f).
-9
Let q(d) = -d + 6 - 3*d + 12 - 4. Let n be q(4). Let r(s) = 4*s + 2. Determine r(n).
-6
Let j(l) = -6*l**2 + l + 82 - l**3 + 0*l - 80 + 9*l**2. Determine j(2).
8
Let s(y) be the first derivative of y**2/2 + y + 20. Calculate s(-12).
-11
Let u = -3863 - -3856. Let n(q) be the second derivative of -q**5/20 - 7*q**4/12 - 3*q**2 + q. Calculate n(u).
-6
Let n(u) = u + 7. Let w(t) = 2*t + 1 - 3*t + 0 - 2. Let h(d) = -n(d) - 2*w(d). Let c be (-3)/(-1 - 2) - -3. Determine h(c).
-1
Let h(j) = 4*j**3 + 4*j**2 - 4*j + 1. Let t be h(1). Let c(v) = -1 + 5 + 1 + 6*v. Let g(i) = -7*i - 6. Let n(o) = 6*c(o) + 5*g(o). Determine n(t).
5
Let w(k) = k**3 - 3*k**2 - 2*k. Let o = -2 + 12. Let g = o + -10. Suppose g = -c + 3*c - 6. What is w(c)?
-6
Let c(b) = -5*b + 12. Let t(z) = -6*z + 13. Let f(v) = 7*c(v) - 6*t(v). Calculate f(-10).
-4
Suppose -12*c = -c - 363. Let n = -28 + c. Let s(y) = y**3 - 4*y**2 - 8*y + 6. Calculate s(n).
-9
Let w(d) be the third derivative of 0*d + 0 + d**3 + 1/15*d**5 + 1/12*d**4 - 17*d**2 + 1/120*d**6. Calculate w(-4).
-2
Let m(j) be the third derivative of -j**4/6 - j**3 + 57*j**2. Give m(-5).
14
Suppose -3*w + 2*z + 22 = 0, 5*z + 33 - 4 = w. Let o(c) be the third derivative of c**5/60 - c**4/12 - 5*c**3/6 - c**2. Give o(w).
3
Let a(d) = -d**2 + 3*d - 2. Let l(p) = p + 9. Let r be l(-9). Suppose 5*v = 4*w + w - 25, r = 4*v. Calculate a(w).
-12
Let r(w) = w - 5. Let i(s) = -s + 4. Let x(q) = -3*i(q) - 2*r(q). Suppose -2*m - 5 = 5*j - 7*m, 3*j = -5*m + 21. Suppose 5*f - j*f = 15. Calculate x(f).
3
Let y(f) = 2 - 2 + 5*f**2 + 3 + f**3 + 2*f. Suppose -n + 2 = 0, 23*a = 20*a - 4*n - 4. What is y(a)?
11
Let t(x) = 3*x**3 - 5*x**2 + 6*x - 1. Let a(n) = 7*n**3 - 10*n**2 + 14*n - 3. Let c(o) = 4*a(o) - 9*t(o). Give c(-3).
9
Let u(y) be the first derivative of 0*y**3 + 3/4*y**4 - 18 + 0*y**2 - y. What is u(1)?
2
Let u(k) = -58*k + 2487. Let h be u(43). Let s(v) be the first derivative of -v**4/4 - 2*v**3 + 4*v**2 - 4*v - 3. Determine s(h).
-11
Let o(r) be the second derivative of r**4/12 - 5*r**3/2 - 3*r**2/2 - 12*r. What is o(15)?
-3
Let s(l) be the third derivative of l**6/40 - l**5/30 - l**4/4 - 7*l**3/6 + 10*l**2 + 17*l. Calculate s(-2).
-27
Let u be 17/5 + (-12)/30. Suppose 11 = -u*q - 34. Let b = 20 + q. Let v(x) = 2*x. What is v(b)?
10
Let c(k) = -k + 7. Suppose 3*t + 2 = 3*d + 20, 0 = 2*t + 3*d + 8. Suppose 5*u = -2*m - 7, -t*m + 3*m - 13 = 3*u. Give c(m).
3
Let r(l) = -l + 1. Let p(v) = -v**2 + 5*v - 4. Let y(s) = -p(s) + 3*r(s). Suppose 0*k = k - 35. Suppose 0*d + 3*d = -f - 9, -k = -5*f + d. What is y(f)?
-5
Let a be ((-6)/21)/((-2)/14). Let w(p) = 3*p - 2*p + 2 + 4*p + 2*p**a. Let s(d) = 18*d + 141. Let l be s(-8). Give w(l).
5
Let m be (-3)/(2 + (-11)/4). Let k(c) = -c + 9. Let a be k(m). Let u(i) = 3*i - 4. Calculate u(a).
11
Let i(o) = -1 - o**3 + 4*o + 6 - 2*o**2 - 2*o**2. Suppose -83*h - 181 - 151 = 0. What is i(h)?
-11
Let w(o) = 2*o**2 - 3*o - 1. Let b = 20 + -7. Let y = -28 + b. Let m = y + 18. Give w(m).
8
Let j(w) = -29*w + 10*w**3 + 7*w + 15 - 11*w**3 - 7 - 13*w**2. Give j(-11).
8
Let o(m) = -7*m + 5 + 4*m + 2*m. Let h be o(3). Suppose -3*k + 4*c = -11, 5 = k - 3*c - h. Let z(v) = -3*v - 1. Determine z(k).
-4
Let h be 7*(9/7)/3. Suppose -h*s = -21 - 18. Suppose 3*j + s = 2*z, 17 = -4*j + 5*z + 2. Let p(m) = -m**2 - 7*m - 3. Determine p(j).
7
Let q = 40 - 32. Suppose d + 4*c - 3 = -0, -q = 4*d - 4*c. Let i(m) = -m**2 + 2*m + 1. What is i(d)?
-2
Suppose -3*s = 5*d - 4794, -4*s = -d + 3*d - 1912. Let w(p) = 6*p**2 + 1 + 954*p + 6 - p**3 - d*p. Determine w(5).
2
Let t(i) be the first derivative of i**2 + 107. What is t(-1)?
-2
Suppose -r + 14 = -4*l + 8, -r - 2*l - 6 = 0. Let i(m) = 3*m + 10. Calculate i(r).
4
Let k(d) = d + 9. Let r(o) = 8*o - 203. Let s be r(26). Calculate k(s).
14
Suppose -23 + 7 = -4*a. Suppose -z = 3*m - 1, -a*m + 5 = 2*z + 3*z. Let l(u) = 4*u**3 - 2*u**2 + 1. Calculate l(z).
3
Let d(t) = 4*t - 5*t + 4*t**3 - 2*t**3 + 1 + 0*t**3. Determine d(1).
2
Suppose 4*f = -f + 10. Suppose -5*g = 0, 0*g - f*g = 3*m - 3. Let x(j) = -3*j + 1. Give x(m).
-2
Let j(p) = -5*p**2 - 4*p - 38. Let z(g) = -2*g**2 - 2*g - 16. Let o(t) = -3*j(t) + 7*z(t). Determine o(0).
2
Let c(b) = -5*b - 6*b**2 + 15*b**2 - 2 - b - 10*b**2. Determine c(-5).
3
Let g(n) = -n - 4. Let l be g(0). Let d(r) be the first derivative of r**3/3 - r**2/2 - 79. Let t(q) = -5*q**2 + 3*q - 1. Let c(k) = l*d(k) - t(k). Give c(-1).
1
Let k(p) = p + 10. Let f be -4 + 0 + 1 + 3*1. Suppose 9*v - 2*v = f. Determine k(v).
10
Let s(i) = -i**3 + 4*i**2 + 7*i - 2. Let p = -531 + 537. Give s(p).
-32
Suppose 4*r - 4 = 4. Suppose 19 = r*k - 6*k - x, -5*x = 2*k + 5. Let w(v) be the first derivative of v**4/4 + 5*v**3/3 + v**2/2 + 5*v - 148. Calculate w(k).
0
Suppose -4 + 16 = 3*k. Let n(w) = -w**3 + 3*w**2 + w. Determine n(k).
-12
Let q(i) be the second derivative of i**4/12 + 7*i**3/6 + 7*i**2/2 - 2*i + 16. Give q(-6).
1
Let y(u) = u**2 - 20*u - 16. Let z be y(16). Let g be (9/(-6))/(15/z). Let n(k) = -3 - 3*k + 0 - g*k + 4. Determine n(-1).
12
Suppose -3*n = -4*x - 2*n + 21, -x + 2*n + 14 = 0. Let a(l) = 2*l - 3. Let g(r) = 2*r - 2. Let j(h) = x*a(h) - 5*g(h). Calculate j(-4).
6
Let w(g) = 13*g**2 + 4*g - 4. Suppose 0 = -y + 47 - 44. Let v(m) = 12*m**2 + 3*m - 3. Let b(t) = y*w(t) - 4*v(t). Give b(-1).
-9
Let i(o) = o**2 - 2*o - 1. Let m be i(-2). Suppose -6*s + m*s = 0. Let j(n) = n**3 + n**2 - 17. What is j(s)?
-17
Let v(q) = 9*q**3 - q**2 + 1. Let u(c) = c**2 - 21*c + 53. Let f be u(3). What is v(f)?
-9
Let r(a) be the second derivative of a**2/2 - a. Let i(v) = -3*v + 4. Let f be (-4)/12 + -5 + 2/6. Let t(m) = f*r(m) + i(m). What is t(-3)?
8
Let y(v) = 4*v**2 + 8*v + 6. Let p(a) = -3*a**2 - 7*a - 2. Let h(f) = -3*p(f) - 2*y(f). Calculate h(-6).
0
Let s be (-3)/(-12) - 21/(-12). Let w(d) = -3*d**s + 3*d - 6 + 11*d**3 - 12*d**3 + 6*d**2. Give w(4).
-10
Let v(s) = -s**2 - 4*s - 6. Let n = -618 - -614. Calculate v(n).
-6
Let g = -333 + 328. Let n(h) = -h**3 - 6*h**2 - 3*h + 7. Calculate n(g).
-3
Suppose -3*c - 5*u = -11, 3*c - 3*u = u + 2. Let v(g) = 4*g - 4 - 4*g**2 + 0 + 5*g**c. Suppose -5*n + 5 = 0, -y - 4*n = -2*n + 3. Give v(y).
1
Let l be 3/(-6) - -11*(-3)/(-6). Let n be (l + -6)*(0 - -5). Let f(q) = -3*q - 1. Calculate f(n).
14
Let u = 40 + -35. Let c(f) = -f**2 + 7*f - 6. Let s(x) = -3*x**2 + 21*x - 19. Let z(a) = 7*c(a) - 2*s(a). What is z(u)?
6
Let y(p) = -2*p + 3. Let q(j) = -j**3 - 8*j**2 - 9*j - 7. Let r be q(-7). Suppose 0 = -r*b + 3*b + 24. Calculate y(b).
-9
Let o = 7 - 3. Let j(x) = -x - 8. Let c(w) = 7 + 15 - 19. Let d(f) = -7*c(f) - 2*j(f). Calculate d(o).
3
Let c(s) = s**3 - 8*s**2 + 11*s - 5. Let o be c(6). Let t = -19 - o. Let p(f) = f + 11. Calculate p(t).
3
Suppose s + 11 = 3*x, 4*s - 3*x - 2 + 1 = 0. Let n(m) = -13*m**2 - 9*m**2 - 7*m**2 - 4 - m + m**3 + 26*m**2. Determine n(s).
8
Let c = 20 - -20. Suppose b - c = -3*b. Suppose 2*o + 0*o = b. Let l(y) = -y**2 + 4*y + 1. What is l(o)?
-4
Suppose 20 - 50 = -5*b. Let i(z) = z - b*z + 2*z + 4*z. Determine i(-1).
-1
Let v(l) = 2*l**3 - 3*l + 7. Let y(i) = -i**3 + i**2 + 2*i - 1. Let d(f) = -v(f) - y(f). Calculate d(0).
-6
Suppose 0 = 24*z + 2*z. Let k(o) = -o**3 - o**2 - o - 12. Determine k(z).
-12
Suppose -5*d = -0*x + 5*x - 65, -2*x = 5*d - 38. Suppose -28 = -x*v + 2*v. Let b(y) = -2*y + 2. Determine b(v).
-6
Let x(o) be the third derivative of o**5/30 + o**4/8 - 7*